omposite number?
True
Is 5786657 prime?
True
Is 28144195 prime?
False
Is 432227 a prime number?
True
Is 5841989 a prime number?
True
Is 24416699 prime?
True
Is 77744665 composite?
True
Is 95349019 prime?
True
Is 791489 a composite number?
False
Is 5128549 a prime number?
True
Is 4125041 prime?
False
Is 2434319 a composite number?
False
Is 113227 composite?
False
Is 1180453 a prime number?
False
Is 366018441 composite?
True
Is 45025619 prime?
False
Is 14531551 a composite number?
True
Is 1496889739 a composite number?
False
Is 2343923 composite?
True
Is 25204658 prime?
False
Is 9005977 a composite number?
False
Is 119881715 a prime number?
False
Is 1310582167 prime?
True
Is 24532009 a composite number?
False
Is 30627923 a prime number?
False
Is 25089973 a composite number?
False
Is 635387 a composite number?
False
Is 48782 prime?
False
Is 99906139 prime?
False
Is 4287971 a composite number?
False
Is 48232543 a composite number?
False
Is 10423999 a prime number?
True
Is 11017997 composite?
True
Is 13833581 a composite number?
False
Is 13803649 composite?
True
Is 10789957 a prime number?
False
Is 25124459 prime?
True
Is 82049597 composite?
True
Is 17430761 composite?
False
Is 93277 composite?
True
Is 1175387 prime?
True
Is 809099 a prime number?
False
Is 6643717 composite?
True
Is 33134831 a prime number?
True
Is 986784901 prime?
False
Is 25086899 a composite number?
True
Is 31931651 prime?
True
Is 160195153 a prime number?
True
Is 97603511 composite?
True
Is 10962851 prime?
True
Is 101554387 a composite number?
True
Is 4229561 composite?
True
Is 36921151 a prime number?
True
Is 689052421 composite?
False
Is 9251861 prime?
False
Is 317735383 composite?
True
Is 119393609 a composite number?
True
Is 10855409 a composite number?
False
Is 12859477 composite?
True
Is 212553001 a composite number?
True
Is 498347 a composite number?
True
Is 1754801 a composite number?
False
Is 346903 prime?
True
Is 8367139 prime?
False
Is 24672481 prime?
True
Is 3685471 a prime number?
True
Is 137198599 a composite number?
False
Is 4629277 composite?
True
Is 170773571 prime?
True
Is 265612301 a prime number?
False
Is 3948059 a composite number?
True
Is 19143583 a prime number?
False
Is 294564517 a prime number?
False
Is 992633 a prime number?
True
Is 7485889 prime?
True
Is 54605171 a prime number?
True
Is 2038789 a prime number?
False
Is 5327017 a composite number?
False
Is 4050079 a prime number?
False
Is 19810861 composite?
True
Is 178208763 prime?
False
Is 310379 composite?
False
Is 12931487 composite?
False
Is 1405427 a composite number?
True
Is 1370177 a composite number?
False
Is 249033371 a composite number?
False
Is 19372721 composite?
False
Is 8186209 a composite number?
True
Is 1205339 prime?
True
Is 5595481 a prime number?
False
Is 20822633 a prime number?
False
Is 29375873 a prime number?
False
Is 4772423 composite?
True
Is 3487721 composite?
True
Is 2369119 composite?
True
Is 157437167 a prime number?
True
Is 4903631 a composite number?
False
Is 413129 composite?
False
Is 63572417 a prime number?
True
Is 21417751 prime?
False
Is 21509 composite?
True
Is 5624779 a prime number?
False
Is 103179143 composite?
True
Is 15183323 a prime number?
True
Is 2724121 a composite number?
False
Is 29949977 prime?
False
Is 5046067 prime?
False
Is 230177891 a prime number?
True
Is 12597991 prime?
False
Is 8363023 a composite number?
False
Is 4578323 a composite number?
True
Is 282453437 composite?
True
Is 54859199 composite?
True
Is 52021631 a prime number?
True
Is 5758811 a prime number?
True
Is 19296491 prime?
True
Is 17357597 composite?
True
Is 58940801 composite?
False
Is 4978957 a prime number?
True
Is 35521733 a prime number?
False
Is 44988703 prime?
True
Is 49501579 composite?
True
Is 1209557 composite?
False
Is 3171913 a prime number?
True
Is 1016477177 a composite number?
False
Is 140535202 a prime number?
False
Is 106259399 prime?
True
Is 1743317 prime?
True
Is 49124753 a prime number?
False
Is 20412377 prime?
True
Is 9416973 composite?
True
Is 11911467 a prime number?
False
Is 9254747 prime?
True
Is 895529 a prime number?
True
Is 984299 prime?
True
Is 1491521 a composite number?
False
Is 207936427 a prime number?
True
Is 212381593 a composite number?
True
Is 91781551 a composite number?
True
Is 65245013 a prime number?
False
Is 99677 a prime number?
False
Is 1403338 a prime number?
False
Is 46365929 composite?
False
Is 830647 composite?
True
Is 5255287 a prime number?
False
Is 47094629 a composite number?
False
Is 7871183 prime?
True
Is 2382449 composite?
False
Is 8399011 prime?
True
Is 445452859 composite?
False
Is 16450211 a prime number?
True
Is 3467901 a prime number?
False
Is 3931489 prime?
False
Is 24140029 a composite number?
True
Is 969205 prime?
False
Is 4655258 a prime number?
False
Is 2784785 a composite number?
True
Is 63997 prime?
True
Is 18460397 prime?
True
Is 14651821 a prime number?
True
Is 1212247 composite?
True
Is 2321393 a composite number?
False
Is 53347753 a prime number?
True
Is 44642393 prime?
True
Is 6614429 a composite number?
False
Is 22920598 prime?
False
Is 171826931 prime?
True
Is 29410439 a composite number?
False
Is 3259439 a composite number?
False
Is 14047 a composite number?
True
Is 660367 a composite number?
False
Is 3806423 composite?
False
Is 2566015 prime?
False
Is 323769 composite?
True
Is 5593283 prime?
False
Is 1795411 a composite number?
False
Is 1301971 prime?
False
Is 14765483 composite?
False
Is 11761094 composite?
True
Is 7276271 a composite number?
False
Is 12656117 a prime number?
False
Is 100537959 a prime number?
False
Is 37102277 a prime number?
True
Is 5868041 a prime number?
False
Is 15170789 a prime number?
True
Is 832301 a prime number?
False
Is 9394067 composite?
False
Is 1286863 a composite number?
True
Is 11299 prime?
True
Is 2609309 a composite number?
False
Is 49595597 prime?
False
Is 8381531 a prime number?
True
Is 182043601 a prime number?
True
Is 2328397 a composite number?
False
Is 83895821 a composite number?
True
Is 21940001 a composite number?
True
Is 533413715 a composite number?
True
Is 32916547 prime?
True
Is 3130871 a composite number?
False
Is 371032541 a prime number?
False
Is 291308497 a prime number?
True
Is 306952139 composite?
True
Is 27966997 composite?
True
Is 285427 a composite number?
True
Is 88447046 composite?
True
Is 134017513 composite?
True
Is 137569 prime?
False
Is 3477737 a composite number?
False
Is 2266409 a composite number?
True
Is 16978757 prime?
False
Is 1162181 a composite number?
True
Is 58814587 a composite number?
True
Is 2936503 composite?
False
Is 12152753 a composite number?
False
Is 9150661 composite?
True
Is 8827867 composite?
True
Is 403849759 prime?
True
Is 18198811 a composite number?
True
Is 409223 composite?
True
Is 169392143 composite?
True
Is 502835569 a composite number?
False
Is 124823473 prime?
False
Is 122894923 a composite number?
True
Is 1141837 a composite number?
False
Is 3413489 composite?
False
Is 31111593 prime?
False
Is 1119221 composite?
False
Is 55760897 composite?
False
Is 2127371 composite?
False
Is 3124171 prime?
True
Is 818929 composite?
True
Is 3349727 composite?
False
Is 9326857 a composite number?
False
Is 405096721 composite?
True
Is 19686529 a prime number?
False
Is 8521657 a prime number?
False
Is 679927 a composite number?
True
Is 10035403 a composite number?
True
Is 11466863 a prime number?
True
Is 141687983 a composite number?
False
Is 2490793 prime?
False
Is 254697943 a composite number?
False
Is 2366353 a composite number?
True
Is 201701 a prime number?
True
Is 4646027 a prime number?
False
Is 64767193 composite?
True
Is 14501 prime?
False
Is 136859 prime?
True
Is 7789333 prime?
True
Is 9246221 a prime number?
False
Is 5138291 a prime number?
True
Is 213465181 prime?
True
Is 11489609 a composite number?
False
Is 71126179 prime?
True
Is 48027919 prime?
True
Is 5532739 composite?
False
Is 105481 composite?
True
Is 4448231 composite?
False
Is 8818357 composite?
False
Is 24071783 a composite number?
False
Is 16864789 prime?
True
Is 222951211 a prime number?
False
Is 469110601 prime?
True
Is 6243203 a composite number?
True
Is 3335047 a composite number?
False
Is 9506183 a prime number?
False
Is 12439723 a composite number?
